{"id":15,"date":"2017-12-05T10:18:38","date_gmt":"2017-12-05T10:18:38","guid":{"rendered":"http:\/\/www.hirehamva.hu\/wpblog\/?page_id=15"},"modified":"2024-02-27T15:39:42","modified_gmt":"2024-02-27T14:39:42","slug":"szerzo","status":"publish","type":"page","link":"https:\/\/www.hirehamva.hu\/wpblog\/szerzo","title":{"rendered":"Szerz\u0151"},"content":{"rendered":"<p>\u00dcdv\u00f6z\u00f6llek a honlapomon!<\/p>\n<p>Koszta L\u00e1szl\u00f3 vagyok\u00a0 szakmahalmoz\u00f3 (rendszergazda, m\u0171szer\u00e9sz, er\u0151s\u00e1ram\u00fa technikus, valamint\u00a0 programoz\u00f3) jelenleg az apa foglakoz\u00e1st tanulom, de ez m\u00e9g \u00edgy lesz rem\u00e9lem sok\u00e1ig \ud83d\ude42 .<\/p>\n<p>A honlapot az\u00e9rt k\u00e9sz\u00edtem, hogy bemutassam apr\u00f3 \u00e1ramk\u00f6reimet, projektjeimet a nagyk\u00f6z\u00f6ns\u00e9gnek, h\u00e1tha akad olyan hobbi-szeret\u0151\u00a0 ember mint \u00e9n aki \u00fajra meg\u00e9p\u00edti, esetleg tov\u00e1bbfejleszti \u0151ket.<\/p>\n<p>K\u00e9rem legyetek velem eln\u00e9z\u0151ek, a megold\u00e1saim a m\u0171k\u00f6d\u00e9st tartj\u00e1k szem el\u0151tt, \u00e9s volt hogy \u00fajra feltal\u00e1ltam a sajton a lyukat. \ud83d\ude42<\/p>\n<p><strong>Kapcsolat:<\/strong><\/p>\n<p>laszlo.koszta@hirehamva.hu<\/p>\n","protected":false},"excerpt":{"rendered":"<p>\u00dcdv\u00f6z\u00f6llek a honlapomon! Koszta L\u00e1szl\u00f3 vagyok\u00a0 szakmahalmoz\u00f3 (rendszergazda, m\u0171szer\u00e9sz, er\u0151s\u00e1ram\u00fa technikus, valamint\u00a0 programoz\u00f3) jelenleg az apa foglakoz\u00e1st tanulom, de ez m\u00e9g \u00edgy lesz rem\u00e9lem sok\u00e1ig \ud83d\ude42 . A honlapot az\u00e9rt k\u00e9sz\u00edtem, hogy bemutassam apr\u00f3 \u00e1ramk\u00f6reimet, projektjeimet a nagyk\u00f6z\u00f6ns\u00e9gnek, h\u00e1tha akad olyan hobbi-szeret\u0151\u00a0 ember mint \u00e9n aki \u00fajra meg\u00e9p\u00edti, esetleg tov\u00e1bbfejleszti \u0151ket. K\u00e9rem legyetek velem eln\u00e9z\u0151ek, &hellip; <\/p>\n<p class=\"link-more\"><a href=\"https:\/\/www.hirehamva.hu\/wpblog\/szerzo\" class=\"more-link\"><span class=\"screen-reader-text\">&#8222;Szerz\u0151&#8221;<\/span> b\u0151vebben<\/a><\/p>\n","protected":false},"author":1,"featured_media":0,"parent":0,"menu_order":0,"comment_status":"closed","ping_status":"closed","template":"","meta":{"footnotes":""},"class_list":["post-15","page","type-page","status-publish","hentry"],"_links":{"self":[{"href":"https:\/\/www.hirehamva.hu\/wpblog\/wp-json\/wp\/v2\/pages\/15","targetHints":{"allow":["GET"]}}],"collection":[{"href":"https:\/\/www.hirehamva.hu\/wpblog\/wp-json\/wp\/v2\/pages"}],"about":[{"href":"https:\/\/www.hirehamva.hu\/wpblog\/wp-json\/wp\/v2\/types\/page"}],"author":[{"embeddable":true,"href":"https:\/\/www.hirehamva.hu\/wpblog\/wp-json\/wp\/v2\/users\/1"}],"replies":[{"embeddable":true,"href":"https:\/\/www.hirehamva.hu\/wpblog\/wp-json\/wp\/v2\/comments?post=15"}],"version-history":[{"count":13,"href":"https:\/\/www.hirehamva.hu\/wpblog\/wp-json\/wp\/v2\/pages\/15\/revisions"}],"predecessor-version":[{"id":1763,"href":"https:\/\/www.hirehamva.hu\/wpblog\/wp-json\/wp\/v2\/pages\/15\/revisions\/1763"}],"wp:attachment":[{"href":"https:\/\/www.hirehamva.hu\/wpblog\/wp-json\/wp\/v2\/media?parent=15"}],"curies":[{"name":"wp","href":"https:\/\/api.w.org\/{rel}","templated":true}]}}